-2) composite?
False
Let j(i) = 1699*i**2 - 3*i + 131. Is j(9) a composite number?
False
Suppose 2*l + 2*u - 83505 = 12183, -5*u = 10. Suppose 0 = 8*z - l - 43970. Is z composite?
True
Let l(v) = v - 4. Let g be l(4). Suppose 15*n + 412 = 607. Suppose g = -14*a + n*a + 653. Is a composite?
False
Let j be 10/3*12/15*-3. Let q = 1 - j. Suppose -q*r + 14*r - 4255 = 0. Is r a composite number?
True
Let z = -15260 - -16537. Is z a composite number?
False
Let k(a) = 21*a**3 + a**2 - 1. Let v be k(-1). Let b be v/14*(-452)/3. Suppose 0 = 5*g - 4*g - b. Is g a prime number?
False
Is ((-258162)/136)/((-18)/168) a prime number?
False
Suppose 5*p - 4*b + 60552 = -3*b, 0 = 4*p + 2*b + 48436. Is p/(-15) - (16/(-6) + 3) a composite number?
True
Suppose 4*j - 68052 = -5*t, 0 = -j + 13*t - 9*t + 17055. Is j a composite number?
True
Suppose 3*z - h = 13 - 3, z = -5*h - 2. Suppose -3*t = -3*b - 165, -8*b + 193 = z*t - 4*b. Is t composite?
False
Let g(u) = 33*u**3 - u**2 + 3*u - 2. Let t be g(1). Let v be (-6)/4*(-110)/t. Suppose 4*y = 16, -v*i - 2*y = -10 - 843. Is i a prime number?
False
Suppose -5*o - 12682 = 4*s, -5*s + 0*s = -3*o - 7587. Let u = o - -3655. Is u prime?
False
Suppose 8*t - 10*t = -20. Suppose 0 = -t*w + 12*w - 6262. Is w a composite number?
True
Let p(l) = 62*l**3 + 5*l**2 + 11. Let v be p(5). Suppose 4*h - b = 15760, -2*h - 9*b + v = -8*b. Is h prime?
False
Let n(x) = -19*x**3 - 7*x**2 - 8*x - 241. Is n(-13) composite?
False
Let h(k) = -k**3 + 34*k**2 + 26*k + 2. Let s(l) = -4*l + 23. Let n be s(2). Is h(n) prime?
False
Suppose 0 = 11*r - 179612 - 289109. Is r a composite number?
False
Suppose -2*p + 5*x = x - 44, 2*x = -4. Suppose -p = -8*n + 38. Suppose -98 = 5*i - n*i. Is i composite?
True
Let u = -374 - -377. Suppose -2*z = -2*v + 5716, 0*v - z = -u*v + 8584. Is v prime?
False
Let y = 2487 + 3716. Let g = 10920 - y. Is g prime?
False
Suppose -3 = -i - x, -3*x + 4*x = -2*i + 9. Suppose -2*c + 29813 = 5*f, -2*c + i*c - 59634 = -2*f. Is c a composite number?
True
Suppose 503*u - 497*u = 24. Suppose -q - 2*q + u*k + 14753 = 0, 4*q - 4*k = 19672. Is q prime?
True
Let l = 79 + -32. Suppose 0 = -l*f + 42*f + 10475. Is f a composite number?
True
Let l = -5740 - -10037. Is l composite?
False
Let h(s) = 4022*s**2 - 104*s + 29. Is h(7) prime?
True
Suppose 3*r + 15 - 80 = -5*j, 2*r = -j + 20. Suppose 0 = -3*h - 2*c + 6113, -4*h + 12*c - j*c = -8160. Is h prime?
True
Suppose -17*k + 15 = -12*k. Suppose 5*m + k*c = -2796, 4*m + m - c = -2788. Is m/(-4) - 12/(-8) prime?
False
Let d = 58124 + 92997. Is d a composite number?
False
Suppose -68*c + 1417445 + 908087 = 0. Is c prime?
False
Suppose -339 = 5*w + 151. Let x be w/(((-24)/(-172))/(-3)). Suppose -5*a + x = -2278. Is a a prime number?
True
Let g(y) = 90*y**2 + 11*y + 12. Is g(7) composite?
True
Let p be 1/(136/730 - 26/130). Let d = 7476 + p. Is d a prime number?
False
Let z(t) = -52453*t - 722. Is z(-7) a prime number?
False
Suppose -696*s = -703*s + 2913113. Is s a composite number?
False
Suppose 2320044 + 3388589 = 151*l - 14794298. Is l prime?
True
Let p(j) = 2*j + 40. Let s be p(-18). Is 2/((-7)/(3115/1770) + s) prime?
True
Let k = 5388 + -1243. Let x = k + -2784. Is x a prime number?
True
Let v(k) = k**3 + 29*k**2 + 29*k + 4. Suppose 2*l - 40 = -3*q, 3*q + l - 36 = -2*l. Let h be q + -39 + 8/(-2). Is v(h) composite?
True
Let o(i) = i**2 + 11*i + 13. Let x be o(-9). Let c(y) = -14*y - 64*y + 0 - 1. Is c(x) a prime number?
True
Let z = -473 + 475. Suppose -2*q + 3959 + 87 = z*s, -q - 4034 = -2*s. Is s prime?
False
Let l(i) = i**2 + 17*i + 9. Let r be l(-10). Let c = -99 - r. Let m = c + 292. Is m prime?
False
Let x = -208 + 431. Let p = 16 + x. Is p a composite number?
False
Let s(h) = -1584*h - 5881. Is s(-85) prime?
False
Suppose 9*z + 4*f = 7*z + 9430, 5*f - 20 = 0. Suppose 3*j + z = -3*w + 11700, w = 3*j + 2339. Is w a composite number?
False
Let p(m) be the third derivative of m**6/120 + m**4/4 + m**3/2 + 12*m**2. Let n be p(7). Suppose 6*v = 4*v + n. Is v composite?
True
Is 1463057*120/1520*14/3 a prime number?
False
Let z = -70552 + 254535. Is z a composite number?
True
Let f(z) = 2*z**2 + 2*z - 1. Let o be f(6). Let q = o - 83. Suppose -2*d - 5*w + 281 = q, -5*w + 138 = -3*d + 4*d. Is d prime?
False
Suppose -572170 + 241851 = -14543*w + 14532*w. Is w a composite number?
False
Let f(j) = 114*j**2 + 2*j + 5. Let v be f(-5). Suppose 5*n - 5*d = v, -569 = n - 2*n - 4*d. Let g = 1142 - n. Is g prime?
False
Suppose 0*y = -5*q - 4*y + 3537, q = 4*y + 717. Suppose -4*d + 1560 = -10*d - 7*d. Let a = q + d. Is a a composite number?
True
Suppose 0 = -4*h - y + 292728, 8*y - 226367 = -2*h - 79973. Is h prime?
True
Let c(r) = r**2 - 14*r - 159. Let s be c(22). Suppose 5*i + 2 - s = 0, 0 = 5*q - 5*i - 20530. Is q prime?
False
Suppose 3*b + 13 = -2, 5*b = -4*l - 5. Suppose -g = -l + 9. Is g/(-12) + 884/12 prime?
False
Let n(j) = 7*j - 71*j**3 + 25*j**2 + 5 - 24*j**2 + 18*j**3. Is n(-2) prime?
True
Let t(k) = 2413*k**3 - 15*k**2 + 14*k - 25. Is t(6) a prime number?
False
Let u = 30159 - -24368. Is u a prime number?
False
Suppose -5*x = -2*c - 4*x + 26, 0 = 3*c - 4*x - 34. Suppose 4*w - 17*o + c*o = 18797, -3*o = -15. Is w a prime number?
True
Let n(b) be the first derivative of -111*b**2 - 2*b - 15. Let w be n(-1). Suppose -m + 189 + w = 0. Is m a prime number?
True
Let i be (-63)/(-7) - (0 + 4). Suppose 0 = -4*x + i*j + 5377, -2*x - 4*j + 982 = -1700. Is x composite?
True
Let m be 58/6 - (-9 - 319/(-33)). Suppose 23*d = m*d + 39466. Is d composite?
False
Suppose 27*a - 7838073 = -2*a + 2*a. Is a a composite number?
True
Suppose 357*u = 2*f + 358*u - 50789, -4*u + 50810 = 2*f. Is f a composite number?
False
Let d(r) = 71 - 163*r - 73*r + 54*r. Is d(-9) a composite number?
False
Let d(w) = -45*w**3 - 6*w**2 + 33*w - 12. Let c be d(-6). Suppose -3*a + c + 5147 = 5*o, 5*o - 2*a - 14431 = 0. Is o a prime number?
True
Let k(n) be the first derivative of 5*n**3/3 + 4*n**2 - 32*n - 57. Is k(13) composite?
True
Let w = 50374 + -21473. Is w composite?
False
Let j(a) = 13*a**3 + 9*a**2 - 2*a - 9. Let t be j(-5). Let f = t - -3920. Is f composite?
False
Suppose -5457558 - 787292 = -50*g. Is g prime?
True
Let y = -30 - -33. Suppose y*a - 4*a = 18. Is (-106)/(1/3 - (-42)/a) a composite number?
False
Let w(o) = 9*o**2 + 3*o + 1. Let a be w(-1). Let h be (-48)/(-32) - a/(-2). Suppose -1453 = -5*f - 3*n, h*n - 216 - 350 = -2*f. Is f a composite number?
False
Let a(w) = -474*w**3 - 6*w + 1. Let i be (-2)/(2/(-5)) - (3 + 5). Is a(i) a composite number?
True
Suppose 20*r + 88*r - 9797978 = 5*r. Is r prime?
False
Let g(d) = d**2 + 15*d + 7. Suppose -37 - 35 = 6*k. Let h be (1/((-2)/(-3)))/(k/128). Is g(h) composite?
False
Suppose -163*w + 170*w = 17507. Let b = w + 758. Is b composite?
False
Let v(u) = 19*u. Let t be v(0). Is (-22)/(-11) - (t - 2127) composite?
False
Suppose -3640 = -l + 4032. Let c = -18517 + 22200. Let j = l - c. Is j a prime number?
True
Let h(b) = -1375*b**3 - 10*b**2 - 20*b - 13. Let z be h(-5). Suppose 0 = -56*i + z + 189096. Is i a prime number?
False
Suppose -2*a + 3*x = -13218, x - 1036 - 5563 = -a. Suppose a + 6449 = 4*l. Is l a prime number?
False
Let b(r) = -184*r + 5. Let j(x) = -183*x + 5. Let n(c) = 3*b(c) - 2*j(c). Suppose 0 = 3*l + 5 - 2. Is n(l) a prime number?
True
Let o(s) = 13*s**3 - 3*s**2 + 1. Let r be o(-2). Let f = 249 + r. Suppose -b - b = -f. Is b prime?
True
Suppose 3*p + 17 = 2*n, 5*p + 3 + 0 = -3*n. Let z be ((-4293)/36)/((-3)/8). Suppose -n*t + z = -t. Is t prime?
False
Let t(d) = -d**3 + 3*d**2 + 6*d + 9239. Is t(0) a composite number?
False
Suppose 4*h = 5*m - m + 1264, -h - 4*m = -311. Let w(r) = 20 + 19 - h*r - 140*r - 23*r. Is w(-14) prime?
False
Let n = 196603 - 139566. Is n prime?
True
Let q(y) be the second derivative of 199*y**4/6 - y**3/2 - 5*y. Let p be (-20)/130 + 30/26. Is q(p) a composite number?
True
Suppose -9*j - j + 11190 = 0. Is j composite?
True
Let p(h) = 1466*h**3 - 8*h + 7. Let x be 6 + (-4)/(8/10). Is p(x) composite?
True
Suppose 34 + 16 = 5*i. Let x(s) = -7*s**2 + 4*s + i - 7 - 7 + 14*s**2. Is x(5) a composite number?
False
Suppose -i + 5*x = 465, 2*x + 1025 = -3*i - 438. Let t = -232 - i. Is t a prime number?
False
Let p = -124025 + 179974. Is 